 and 519?
519
What is the greatest common factor of 2088 and 353220?
348
Calculate the highest common factor of 38007065 and 25.
5
What is the greatest common factor of 28 and 486206924?
28
Calculate the highest common divisor of 91425 and 186840900.
3975
What is the greatest common divisor of 431 and 80416411?
431
Calculate the highest common factor of 464 and 2507792.
16
What is the highest common factor of 92148032 and 6702?
2234
Calculate the greatest common factor of 29500 and 179419.
59
What is the greatest common divisor of 11727 and 36081373?
1303
Calculate the greatest common factor of 2679 and 42142456.
893
What is the highest common factor of 48336 and 140845062?
6042
Calculate the highest common factor of 2599 and 5470895.
2599
What is the greatest common factor of 154404510 and 15?
15
What is the greatest common divisor of 756 and 175368564?
756
Calculate the highest common divisor of 627738 and 42.
6
Calculate the greatest common divisor of 20146579 and 1308.
109
What is the highest common divisor of 2133925 and 731?
17
Calculate the highest common factor of 29 and 681536743.
29
What is the highest common factor of 118522335 and 345?
345
Calculate the highest common divisor of 412166 and 626.
2
What is the highest common factor of 197416185 and 15?
15
Calculate the highest common factor of 88016890 and 3380.
1690
What is the highest common factor of 3044966 and 2?
2
Calculate the highest common divisor of 5544208 and 2400032.
6704
Calculate the greatest common divisor of 1576 and 4628909.
197
What is the highest common factor of 6925997 and 23608?
2951
What is the greatest common factor of 153 and 3018027?
51
Calculate the highest common factor of 330 and 123713535.
165
What is the greatest common divisor of 498330 and 9114?
294
Calculate the greatest common factor of 123690706 and 1828.
914
Calculate the highest common factor of 496 and 13440422.
62
What is the highest common divisor of 1003028 and 923?
13
Calculate the greatest common divisor of 1048 and 15092248.
1048
What is the highest common divisor of 89882 and 5083?
13
Calculate the greatest common divisor of 8 and 85586218.
2
Calculate the greatest common factor of 24306 and 894.
6
What is the highest common factor of 35972 and 193614?
1058
Calculate the highest common factor of 1856 and 236352.
64
Calculate the greatest common factor of 158191 and 305153.
197
What is the highest common divisor of 105916 and 76?
4
Calculate the greatest common factor of 238086681 and 21.
21
What is the highest common divisor of 2922156 and 812?
116
Calculate the greatest common divisor of 2136 and 10647159.
267
What is the highest common divisor of 10708 and 2925961?
2677
What is the greatest common divisor of 112717 and 9196?
11
Calculate the highest common factor of 1558 and 1306670.
82
What is the greatest common divisor of 8296 and 495584?
136
What is the greatest common divisor of 399230 and 282458?
74
What is the highest common factor of 108 and 13532022?
54
What is the highest common divisor of 38214 and 69866?
386
Calculate the greatest common divisor of 350 and 24777550.
350
Calculate the highest common factor of 72 and 1046920.
8
Calculate the greatest common factor of 17058815 and 14913.
1657
What is the greatest common factor of 856236733 and 118?
59
Calculate the greatest common divisor of 3908965 and 21468.
1789
What is the highest common factor of 21987 and 5022?
9
What is the greatest common factor of 311120532 and 36?
36
What is the greatest common divisor of 18668 and 631481?
359
Calculate the greatest common divisor of 4928 and 120568.
56
Calculate the greatest common factor of 6919 and 1812660377.
6919
Calculate the highest common divisor of 45293119 and 8384.
131
Calculate the highest common factor of 3609256 and 2.
2
What is the highest common divisor of 84 and 11515704?
12
What is the greatest common factor of 53748543 and 34?
17
What is the highest common factor of 61555 and 14885?
65
Calculate the highest common factor of 300687 and 406408.
1373
Calculate the highest common factor of 9130 and 91258002.
1826
What is the greatest common divisor of 6160 and 3647?
7
Calculate the highest common divisor of 75760 and 1233941.
947
Calculate the greatest common divisor of 2376 and 878658.
66
What is the greatest common factor of 121 and 6071219?
11
Calculate the greatest common divisor of 2286212 and 11004.
524
What is the highest common factor of 1749 and 10762092?
33
What is the greatest common divisor of 28623050 and 25?
25
What is the highest common divisor of 12738902 and 1603228?
9658
What is the greatest common factor of 14272 and 63192?
8
Calculate the highest common divisor of 1774220 and 10108.
532
Calculate the highest common factor of 96083 and 40709628.
7391
What is the highest common factor of 34704 and 1063533?
723
Calculate the greatest common factor of 11002 and 128.
2
Calculate the greatest common factor of 992 and 161375584.
992
Calculate the highest common factor of 346 and 2828031.
173
Calculate the greatest common divisor of 3025 and 17710825.
275
Calculate the highest common divisor of 234170 and 12.
2
What is the greatest common factor of 21999303 and 27?
27
Calculate the highest common factor of 8406 and 232002.
18
Calculate the greatest common factor of 4066732 and 604.
604
Calculate the greatest common divisor of 456704 and 198916.
892
Calculate the greatest common factor of 583 and 2028999.
53
Calculate the highest common factor of 276486936 and 352.
88
What is the greatest common factor of 1345350 and 250?
50
What is the highest common factor of 31744 and 156096?
64
Calculate the greatest common factor of 3825 and 13545855.
765
What is the highest common factor of 989296 and 35?
7
Calculate the greatest common divisor of 160916595 and 4305.
4305
Calculate the greatest common factor of 84506 and 1803766.
2914
Calculate the highest common factor of 4 and 409348.
4
What is the greatest common factor of 15213 and 19516896?
1383
Calculate the highest common factor of 275884 and 32398.
334
Calculate the highest common divisor of 1122 and 286956.
6
Calculate the greatest common divisor of 32483706 and 2220.
222
What is the greatest common divisor of 949263543 and 324?
81
Calculate the highest common divisor of 3759119 and 3876502.
2863
Calculate the greatest common divisor of 11700 and 2252700.
900
What is the greatest common divisor of 143955390 and 30?
30
What is the highest common divisor of 4104896 and 744?
248
Calculate the greatest common divisor of 52668989 and 292.
73
Calculate the greatest common factor of 10916258 and 666.
74
What is the greatest common divisor of 38486 and 288680?
14
Calculate the highest common factor of 54368931 and 5277.
5277
What is the highest common factor of 112 and 80866590?
14
What is the highest common factor of 495961 and 16199?
97
What is the greatest common divisor of 26197 and 117451?
67
Calculate the greatest common factor of 1196908966 and 154.
22
Calculate the highest common divisor of 162971654 and 94.
94
Calculate the greatest common factor of 373148660 and 20.
20
Calculate the highest common divisor of 52 and 11199552.
52
Calculate the greatest common divisor of 4140 and 171620.
20
Calculate the highest common divisor of 600 and 931635.
15
What is the highest common factor of 288 and 4549872?
48
Calculate the greatest common factor of 595630 and 637840.
4690
What is the greatest common divisor of 279287670 and 105?
15
Calculate the highest common divisor of 835751 and 38664.
179
Calculate the highest common divisor of 2553043 and 4108.
79
What is the highest common divisor of 144 and 14351664?
48
Calculate the highest common factor of 345440 and 34240.
160
What is the highest common divisor of 252 and 8446368?
84
What is the greatest common factor of 19609438 and 81484?
3134
Calculate the highest common divisor of 8246 and 16001363.
4123
What is the greatest common divisor of 30529466 and 4598?
418
What is the highest common divisor of 9587415 and 296245?
1655
Calculate the highest common divisor of 653385 and 1029.
3
Calculate the highest common factor of 10552 and 404933.
1319
Calculate the highest common divisor of 3259 and 183035217.
3259
Calculate the greatest common factor of 2 and 1701967.
